11 divide ((-148)/m)/((-12)/18)?
False
Let b be -1*159 + -1 + 5. Let a = -103 - b. Does 31 divide a?
False
Let c(o) = o**3 + 7*o**2 + 8*o + 7. Let k be c(-5). Suppose 5*b - 407 + k = 0. Is b a multiple of 28?
False
Let b(z) = -z**3 + z - 3. Let u(l) = 6*l - 3. Let y be u(0). Is b(y) even?
False
Suppose -18 = 5*g + 2, 0 = 4*w + 3*g - 780. Is 7 a factor of w?
False
Let r = -459 + 535. Is 8 a factor of r?
False
Suppose 18 = -v + 23. Suppose -v*z = -0*z + 25, 31 = 3*r - 5*z. Suppose 4*l = r*x + 260, 3*l + 3*x = -2*x + 182. Is 13 a factor of l?
False
Suppose -4*w + x = -169, 12*w - 7*w = 3*x + 220. Does 41 divide w?
True
Let s = -81 + 909. Does 45 divide s?
False
Does 16 divide 4/(-24)*10*-39?
False
Let h be 15/2*(0 - 4/(-6)). Suppose 4*y - 31 = -h*m + 129, 0 = -5*y. Is 32 a factor of m?
True
Let l = 1033 + -979. Is l even?
True
Suppose -54855 = -31*y - 14*y. Is 53 a factor of y?
True
Let o = 123 + 451. Is 41 a factor of o?
True
Let w = -90 + 463. Does 45 divide w?
False
Let x = -69 + 75. Is 674/x - (21/9 + -3) a multiple of 19?
False
Let a(w) be the second derivative of 3*w**3/2 - 5*w**2 - 7*w. Let l be a(6). Suppose 4*y - 100 = l. Is y a multiple of 17?
False
Let m(r) = -165*r + 20. Suppose 3*y + 4 + 2 = 0. Is 44 a factor of m(y)?
False
Suppose 0*x - 5*l - 61 = -3*x, 4*l = -5*x + 40. Suppose -7*w - x = -10*w. Suppose -v + 0*v - 2*r + 3 = 0, r - 19 = -w*v. Does 5 divide v?
True
Suppose -14 = -2*m - 4. Suppose -m*g + 39 + 1 = 5*p, -4*g = -3*p + 3. Is ((-20)/(-6))/(2/g) a multiple of 2?
False
Let a(c) = -2 + 0*c**2 - 4 + 6*c + c**3 - 2 - 7*c**2. Suppose -4*h = -2*s + 18, 2*s + h = 6*s - 29. Is 7 a factor of a(s)?
False
Let j be 296/(-3) + 4/6. Let s be 450/7 + 28/j. Suppose 2*g = g - 2*o + s, 3*g + 5*o = 190. Does 15 divide g?
True
Suppose 2*y = y - 2. Let c be 2/2*3 - y. Does 6 divide (36/c)/((-12)/(-40))?
True
Let f(h) = -10*h + 1. Let o be f(-1). Suppose o*q = 10*q + 53. Is 9 a factor of q?
False
Suppose -12 = -3*z - 6. Suppose -g = -2*b - 40, -48 = -0*g - g - z*b. Is g a multiple of 7?
False
Is 5836/2*(-2)/(-4) a multiple of 62?
False
Suppose 3*i - 3*h = 1692, 104*i + 5*h = 101*i + 1684. Does 5 divide i?
False
Suppose -6 = 5*n - 21. Suppose -585 = -3*v - b, v - n*b - 193 = -4*b. Does 28 divide v?
True
Let f be 66/(-8)*(2 - 438). Let h be 6/27 + f/(-27). Let m = -79 - h. Is 14 a factor of m?
False
Let q(z) = -z**3 + 29*z**2 + 7*z + 74. Is q(28) a multiple of 35?
False
Suppose 8 = 2*w - w. Let s be ((-2)/2 - -13)*560/240. Let g = s - w. Is 11 a factor of g?
False
Suppose -4*h + 5*h = -c + 1314, 9 = -3*h. Does 40 divide c?
False
Suppose -p = q + 6, -q - 5*p = -4 - 6. Suppose 0 = -a - 3*i - 18, 5*i + 2 = -a - 26. Does 3 divide (-10)/(-15) + q/a?
False
Suppose -366 = -3*y + 4*w, y = 6*y + 2*w - 636. Suppose 0 = -4*k + 3*k + y. Let d = -79 + k. Is d a multiple of 11?
False
Let n be ((-2)/(-1))/(1/2). Suppose -n + 2 = 2*b. Does 9 divide 12 - (2 - (2 + b))?
False
Let v(o) = 2*o**3 - 5*o**2 + 5*o. Let w be v(4). Suppose -3*r - w = 7. Let y = r - -71. Does 23 divide y?
True
Let t = -9 + 14. Suppose 335 = t*o - 360. Is o a multiple of 10?
False
Is ((-47104)/192)/((-1)/((-54)/(-4))) a multiple of 72?
True
Let c(g) be the third derivative of g**5/60 + g**4/12 + 11*g**3/6 - 29*g**2. Suppose 7 = -d - 3. Does 32 divide c(d)?
False
Let o(b) = 0*b**2 - 6*b + 5*b - 3*b - 14 + b**2. Is 12 a factor of o(-5)?
False
Does 20 divide (1075/86)/(194/96 + -2)?
True
Let u = 1275 - 662. Does 12 divide u?
False
Let t = 0 + -29. Let z = t + 51. Does 3 divide z?
False
Suppose 42504 = 17*h + 11*h. Is 23 a factor of h?
True
Suppose -3*j = -2*j - 4. Let w(z) = -z**3 + 5*z**2 + 2*z - 2. Let x be w(5). Let c = x + j. Is c a multiple of 8?
False
Suppose -a - 6*a + 1008 = 0. Suppose 15*m - a = 12*m. Does 6 divide m?
True
Suppose -5*a + 4269 + 1051 = 0. Is a a multiple of 8?
True
Suppose 0 = o - 0*o - 8. Let t = -544 - -574. Suppose 34 = o*n - t. Is n a multiple of 8?
True
Let s(c) = -c**3 + 2*c**2 - 2*c + 11. Let q be s(0). Let x(p) = -p**3 + 13*p**2 - 22*p + 4. Does 4 divide x(q)?
True
Suppose -49 = -3*r + 14. Suppose r = -0*u + u. Suppose -u = -4*t + 27. Is 12 a factor of t?
True
Let g(s) = s**2 - 7*s + s + 3 - 4. Let x be g(-3). Let m = x + -11. Is m a multiple of 5?
True
Suppose -3*d + 4*p = 216, 144 = -2*d + p + p. Let t = -54 - d. Does 7 divide t?
False
Let j = 1026 + -676. Is 70 a factor of j?
True
Suppose 6*c + r - 1563 = 3*c, -c + 528 = -2*r. Suppose 8*q = 11*q + 9, -c = -4*l + 2*q. Does 23 divide l?
False
Let d(n) = 3*n + 13. Suppose 5*k - 6 = 4*o - 17, -5*o + 16 = -4*k. Suppose -o = -3*f - f, 3*t + 5*f = 38. Is d(t) a multiple of 23?
True
Let j(w) = 8*w**2 + w - 45. Let n be j(-9). Suppose -6*q + 246 = -n. Does 28 divide q?
True
Let k(s) = -s**3 + s**2 + 9*s + 8. Let c be k(-5). Let n = c - -59. Is n a multiple of 11?
False
Let u(n) = n**2 + 9*n + 4. Let i be u(-9). Let h(b) = -i + 1 - 8 - 3*b. Does 11 divide h(-11)?
True
Let j(c) = c - 14. Let a(x) = 2*x - 29. Let s(z) = 6*a(z) - 13*j(z). Let v be s(6). Suppose -12 = 3*n, -k + 88 = v*n + n. Is 25 a factor of k?
True
Let c(j) = 15*j**2 - 4*j + 4. Let h be c(2). Suppose i - h = -16. Is i a multiple of 5?
True
Suppose -2*f - 1074 = -z, 2*f = 1 + 1. Is 37 a factor of z?
False
Let b(g) = -10*g + 22. Let c be b(4). Is 26 a factor of (c/(-3))/3 + -4 + 202?
False
Suppose 0 = t - 5*y + 241, -4*t + 5*y - y = 948. Let k = -14 - t. Is 11 a factor of k?
False
Suppose n - 5 = 1. Suppose -3*q + 36 = -n. Is q a multiple of 7?
True
Suppose 5*v + d + 15 + 267 = 0, 5*d - 186 = 3*v. Let q = v - -96. Is q a multiple of 13?
True
Suppose 48 + 556 = 4*l. Is 10 a factor of l?
False
Let k be (-34)/(2/(-8)*-4). Let t = 14 + k. Is 32 a factor of 12/t + (-1449)/(-15)?
True
Let n(k) = -3*k**3 - 2*k**2 - k. Let z be n(-1). Suppose 0 = -3*u + z*h + 47, -h + 100 = 5*u - 0*u. Is (u - (-3 - -7))*1 a multiple of 15?
True
Suppose 7*p = 2360 - 652. Suppose 0 = 3*x + b - 173, -4*x + 0*x - 4*b = -p. Is 5 a factor of x?
False
Suppose i = u + 3*u + 457, -i + 462 = -3*u. Does 19 divide i?
False
Suppose 410 = 19*w - 2155. Is 4 a factor of w?
False
Suppose 3*l - u = l + 1330, 5*l - 2*u = 3325. Suppose l = 3*p + 89. Is p a multiple of 32?
True
Let j(z) = z**2 - 21*z + 124. Is j(38) a multiple of 55?
True
Does 4 divide 124/(-16)*(-48)/4*1?
False
Let g(b) = -2*b + 11. Is g(-8) a multiple of 27?
True
Suppose 2*w - 102 = 4*v, 0*w - 2*w - 13 = v. Let d = 64 + -33. Let g = d + v. Is g a multiple of 4?
True
Let h(q) = -q - 36. Let v be h(0). Let k be (36/48)/(1/v). Let z = -15 - k. Is 12 a factor of z?
True
Suppose 8*c = 7*c - 26. Is 39/c*(-172)/6 a multiple of 11?
False
Let s(a) = -6*a + 1. Suppose 1 = 2*u - 3. Suppose r + u = -0. Is s(r) a multiple of 13?
True
Let q(n) = n**3 - 2*n**2 + n - 3. Let p be q(3). Suppose -p + 3 = -2*r. Suppose -4*j = -3*w + 224, -4*w + r*j + 296 = -j. Is w a multiple of 18?
True
Suppose 5*g = 3*k + 8 + 77, 2*k = -10. Let m = g - 18. Let u(b) = -4*b + 3. Is 19 a factor of u(m)?
True
Let f(l) = -l**2 - 8*l - 13. Let a be f(-7). Is (-16)/6 + 3 + (-460)/a a multiple of 5?
False
Let j be (-111)/(-12)*(-3 - 1). Let p be (-688)/(-10) - 1/(-5). Let i = j + p. Is i a multiple of 13?
False
Let d = -18 - -80. Is d a multiple of 40?
False
Let r(m) = m + 11. Let j be r(-8). Suppose 7*z + 5*y - 172 = 3*z, 0 = j*y - 12. Is z a multiple of 19?
True
Suppose f - 104 = -3*d + 2*f, -4*d + 2*f + 142 = 0. Suppose -6*a + d + 3 = 0. Does 3 divide a?
True
Let p(f) = 39*f**2 - 18*f - 85. Is p(-6) a multiple of 18?
False
Let y(l) = 103*l - 2. Let j be (-30)/16 - 3/24. Let c be y(j). Is (0 - c)/4 + -2 a multiple of 25?
True
Suppose -6*t + 0*t = -84. Let g be (-7)/(t/(-246)) - -2. Let a = -63 + g. Does 28 divide a?
False
Let v be (-30)/7 - 8/(-28). Let g be 3 + 2/v*6. Suppose g = -6*u + 2*u + 240. Does 20 divide u?
True
Let h(j) = -45*j + 5. Let l be h(-10). Let f = 3 + 1. Suppose -l = -f*u - 5*s, 4*u - 5*s + s = 428. Is u a multiple of 22?
True
Let n(q) = 23*q + 146. Is n(12) a multiple of 34?
False
Let h = 12 + -10. Suppose -4*g + 410 = -t, -4*t - 416 = -h*g - 2*g. Let k = 143 - g. Is k a multiple of 15?
False
Suppose 0 = -6*u + 49 - 787. Let f = -17 - u. Is 16 a factor of f?
False
Suppose 5*f + 2 - 20 = a, 5*f - 12 = 4*a. Suppose 0 = -2*j + h + 13, -h = -3*j + a*h 